{"id":52,"date":"2024-07-15T11:01:07","date_gmt":"2024-07-15T09:01:07","guid":{"rendered":"https:\/\/www.topstick.cz\/?page_id=52"},"modified":"2024-11-21T08:08:15","modified_gmt":"2024-11-21T07:08:15","slug":"kariera","status":"publish","type":"page","link":"https:\/\/www.topstick.cz\/index.php\/kariera\/","title":{"rendered":"kariera"},"content":{"rendered":"\n<h2 class=\"wp-block-heading\">KARI\u00c9RA<\/h2>\n\n\n\n<p style=\"letter-spacing:10px\">St\u00e1le hled\u00e1me nov\u00e9 kolegy\/n\u011b do na\u0161eho t\u00fdmu.<\/p>\n\n\n\n<h4 class=\"wp-block-heading\" style=\"padding-top:var(--wp--preset--spacing--40);padding-bottom:var(--wp--preset--spacing--40);font-style:normal;font-weight:500;line-height:1.5\">Aktu\u00e1ln\u00ed voln\u00e1 m\u00edsta:<\/h4>\n\n\n\n<h4 class=\"wp-block-heading has-large-font-size\" style=\"padding-top:0px;padding-bottom:0px;font-style:italic;font-weight:900\"><strong>Strojn\u00ed vy\u0161\u00edva\u010d\/ka<\/strong><\/h4>\n\n\n\n<p style=\"padding-top:0px;padding-bottom:0px;font-style:normal;font-weight:500;line-height:1.4\">Hled\u00e1te pr\u00e1ci na textiln\u00edm stroji, kter\u00e1 p\u0159esto vy\u017eaduje mnoho zru\u010dnosti? M\u00e1te smysl pro kvalitu?<\/p>\n\n\n\n<p style=\"letter-spacing:7px\"><\/p>\n\n\n\n<div class=\"wp-block-buttons is-layout-flex wp-block-buttons-is-layout-flex\">\n<div class=\"wp-block-button\"><a class=\"wp-block-button__link wp-element-button\" href=\"https:\/\/www.topstick.cz\/?page_id=256\">Podrobnosti<\/a><\/div>\n<\/div>\n\n\n\n<p><\/p>\n\n\n\n<p><\/p>\n","protected":false},"excerpt":{"rendered":"<p>KARI\u00c9RA St\u00e1le hled\u00e1me nov\u00e9 kolegy\/n\u011b do na\u0161eho t\u00fdmu. Aktu\u00e1ln\u00ed voln\u00e1 m\u00edsta: Strojn\u00ed vy\u0161\u00edva\u010d\/ka Hled\u00e1te pr\u00e1ci na textiln\u00edm stroji, kter\u00e1 p\u0159esto vy\u017eaduje mnoho zru\u010dnosti? M\u00e1te smysl pro kvalitu?<\/p>\n","protected":false},"author":1,"featured_media":0,"parent":0,"menu_order":0,"comment_status":"closed","ping_status":"closed","template":"","meta":{"footnotes":""},"class_list":["post-52","page","type-page","status-publish","hentry"],"_links":{"self":[{"href":"https:\/\/www.topstick.cz\/index.php\/wp-json\/wp\/v2\/pages\/52","targetHints":{"allow":["GET"]}}],"collection":[{"href":"https:\/\/www.topstick.cz\/index.php\/wp-json\/wp\/v2\/pages"}],"about":[{"href":"https:\/\/www.topstick.cz\/index.php\/wp-json\/wp\/v2\/types\/page"}],"author":[{"embeddable":true,"href":"https:\/\/www.topstick.cz\/index.php\/wp-json\/wp\/v2\/users\/1"}],"replies":[{"embeddable":true,"href":"https:\/\/www.topstick.cz\/index.php\/wp-json\/wp\/v2\/comments?post=52"}],"version-history":[{"count":16,"href":"https:\/\/www.topstick.cz\/index.php\/wp-json\/wp\/v2\/pages\/52\/revisions"}],"predecessor-version":[{"id":360,"href":"https:\/\/www.topstick.cz\/index.php\/wp-json\/wp\/v2\/pages\/52\/revisions\/360"}],"wp:attachment":[{"href":"https:\/\/www.topstick.cz\/index.php\/wp-json\/wp\/v2\/media?parent=52"}],"curies":[{"name":"wp","href":"https:\/\/api.w.org\/{rel}","templated":true}]}}